 = a - 8 + 6*a**k + 4 - 8*a + a**3 - 3*a**2 + a**2. Calculate g(-6).
-34
Let t(o) = 71*o - 70. Let x(s) = 48*s - 50. Let j(c) = -5*t(c) + 7*x(c). Determine j(1).
-19
Let n be -1 + 1 + 0 + -1. Let t(a) = 3*a + 7 - 13 - 8 + 16. Let j be t(n). Let h(m) = -m**2 + 1. Determine h(j).
0
Let g(m) = -11*m - 16. Let c(u) = u**3 - 25*u**2 - 390*u - 221. Let v be c(36). Calculate g(v).
39
Let h(g) = -4*g**2 - 25*g + 14. Let d(r) = r**2 + 8*r - 5. Let z(l) = 7*d(l) + 2*h(l). Let p = 985 + -980. Calculate z(p).
-2
Let y(o) = -72*o - 186. Let n(x) = 25*x + 93. Let g(h) = 5*n(h) + 2*y(h). Determine g(5).
-2
Suppose 8*q - 11*q + 6 = 0. Let c(n) = n**3 - 32*n + 7*n**2 - q + 31*n - n**2. Calculate c(-6).
4
Let y(x) = -1. Let b(o) = 5*o - 145. Let m(k) = -b(k) - 4*y(k). Calculate m(29).
4
Let s(c) be the first derivative of -c**5/60 + 11*c**4/24 + 13*c**3/6 + 121*c**2/2 - 42. Let x(j) be the second derivative of s(j). What is x(10)?
23
Let c(b) = -b - 11. Let s(l) = -24*l - 318. Let y be s(-37). Let p = y - 576. Determine c(p).
-5
Let a(c) = c**2 - 2*c - 3. Suppose 0 = w + 2 + 2. Suppose 28 = -11*y - 5. Let k(m) = -2*m**2 + 3*m + 4. Let j(d) = w*a(d) + y*k(d). Give j(-3).
21
Let r(o) = -5*o - 149. Let i be r(-31). Let j be i/(-4)*704/(-132). Let l(f) = -f**3 + 7*f**2 + 12*f - 11. Calculate l(j).
21
Let v(z) = -3*z**2 + 4*z - 24. Let y(f) = f**2 - f + 11. Let w(k) = 2*v(k) + 5*y(k). Give w(3).
7
Let i(o) = 97*o + 2. Let f(j) = 701*j - 7712. Let y be f(11). Determine i(y).
-95
Let i(n) = n**3 + 3*n**2 + n + 4. Let b(h) = -3*h + 3 - 2 + 4*h. Let d(l) = l**2 + 12*l. Let k(w) = -3*b(w) + d(w). Let x be k(-9). What is i(x)?
1
Let n(x) = -x**2 + 3*x + 8. Let f(j) = -j**3 + 34*j**2 - 289*j + 26. Let w be f(18). Determine n(w).
-32
Let p = 6309 - 6308. Let x(j) = 11*j**2 + 2*j - 3. Let n(i) = i**2 + i - 1. Let b(o) = 4*n(o) - x(o). Calculate b(p).
-6
Suppose -587*b + 589*b = 0. Suppose -16 + 6 = -2*d. Suppose z + b*z + 4*i = -17, i = -d*z + 10. Let f(g) = 9*g - 2. Calculate f(z).
25
Let l(i) = 5*i + 1. Suppose 5*r + 177 = 197. Give l(r).
21
Let m(k) = -3*k**3 + 24*k**2 + 23*k - 30. Let q(t) = t**3 - 9*t**2 - 8*t + 10. Let u(p) = 3*m(p) + 8*q(p). Give u(2).
-8
Let z(h) be the third derivative of h**5/60 + h**4/8 - h**3 + 18*h**2. Let y be z(-5). Suppose 9 + 3 = y*t. Let a(f) = f**2 - 5*f + 1. Give a(t).
-5
Let r be (-159)/15 - 2/5. Let v(g) = g**2 + 12*g + 12. Calculate v(r).
1
Let a(g) = -23*g**2 - 3*g - 35. Let m(b) = 34*b**2 + 4*b + 50. Let o(n) = -13*a(n) - 9*m(n). Calculate o(4).
-95
Let m(x) be the first derivative of x**4/4 + 2*x**3/3 - 8*x**2 - 20*x + 9666. What is m(-5)?
-15
Let z be 42 + 30/(-8)*200/(-125). Suppose -80 = 4*t - 4*m - z, 3*m - 12 = 0. Let c(b) = b**3 + 5*b**2 + 3*b. What is c(t)?
4
Let i be ((-3)/(-2))/(3 - (-85)/(-30)). Suppose -i*w + 14*w + 5 = 0. Let b(k) be the second derivative of -3*k**5/10 + k**4/6 + k**3/6 - 17*k. Calculate b(w).
7
Let j(v) be the third derivative of -v**6/60 + v**5/10 - v**4/8 + 2*v**3 + 5*v**2. Let h be j(3). Let g(z) = z**2 - 3*z. Determine g(h).
0
Let w(u) = 8*u**3 + 6*u**2 + 5*u - 9. Let y(v) = 7*v**3 + 6*v**2 + 5*v - 8. Let z(b) = 6*w(b) - 7*y(b). Let s be 12/360*-12 + (-36)/10. Determine z(s).
-10
Let h(a) = a - 1. Let l(x) = -x**2 - 2*x - 4. Let v(q) = -2*q**2 - 13*q - 9. Let z be v(-6). Let w be l(z). What is h(w)?
-8
Let v(p) = -34*p + 7. Let q(c) = 33*c - 5. Let d(t) = -4*q(t) - 3*v(t). Let m be ((-6 - -15) + -10)*1/1. Give d(m).
29
Suppose -3*m + 3 = -0, -7*f + 2*m - 37 = 0. Let u(a) = -a**3 - 3*a**2 + 2*a + 6. Determine u(f).
46
Let i(q) = q**2 + 29*q - 2. Suppose -30 = 2*z - 3*u + 31, 140 = -5*z - 5*u. What is i(z)?
-2
Let t(v) = v**2 - 4*v + 4. Suppose 2*w + 9*w = 286. Suppose -w = -6*n - 8. Give t(n).
1
Let m(o) = 4*o + 4. Let j be m(-3). Let q(z) = 9*z - 370. Let k(w) = -5*w + 210. Let a(n) = -7*k(n) - 4*q(n). Give a(j).
18
Let h(z) = 4*z - 2. Let f(q) = q**3 + 2*q**2 - q + 9. Let y be f(-6). Let t be (-4)/(-8) - (-2)/((-12)/y). Let u = t + -18. Calculate h(u).
14
Let o(u) = -13*u + 615. Suppose 87*i + i = 10*i + 3744. Calculate o(i).
-9
Let r(k) = k. Suppose -30 = -7*s + s. Suppose 5*t - 8*t = -4*d + 11, -s*t = d + 3. Let g(h) = -h + 9. Let l(q) = d*r(q) + g(q). What is l(-6)?
3
Suppose -t = -4*t - 21. Let j(o) = 2019 - 1012 - 1015 - 3*o. What is j(t)?
13
Let d(q) = -2*q**2 + q + 1. Let p(v) = 7*v**2 - 8*v - 12. Let r(m) = -3*d(m) - p(m). Give r(7).
-5
Let c(h) = 8*h - 7. Suppose -60*o + 8*o = 0. Give c(o).
-7
Let u(j) = 2*j**2 - 74*j - 69. Let w(k) = k**3 + 5*k**2 - 31*k - 18. Let p be w(-8). Let c be u(p). Let l(y) = y**3 - 7*y**2 - 6*y - 3. Determine l(c).
-45
Let y(v) = -v**2 + 5*v + 46. Let h be ((-264)/16 + 14)*2. Determine y(h).
-4
Suppose 0*d - 7*d = 14*d - 42. Let k(p) = 6*p**3 - 3*p**2 + 4*p - 6. Determine k(d).
38
Let p be 44*4/(-16) + 9. Let j(i) = 2*i**2 - i + 0 - 3 - 3 + 4. Calculate j(p).
8
Let x = 7790 + -7790. Let k(s) = -s**3 + s - 34. Calculate k(x).
-34
Let d(a) = -a + 352. Let m(p) = 191. Let g(o) = -6*d(o) + 11*m(o). Determine g(-5).
-41
Let s = -2340 + 2345. Let f(u) = u**3 - 7*u**2 + 14*u - 8. Calculate f(s).
12
Let i(d) = d**2 - 3*d - 1. Let w(r) = r - 1. Let n be 76/24 - 2/12. Let m(f) = n*w(f) - i(f). Give m(4).
6
Let j(x) = 23*x + 519. Let y(s) = 8*s + 187. Let d(p) = 4*j(p) - 11*y(p). What is d(-11)?
-25
Let t(k) = -19*k**2 - 37 - 43*k - 45 + 41*k + 81. What is t(-2)?
-73
Let j(x) be the third derivative of x**5/60 + x**4/3 + 4*x**3/3 - 139*x**2 - 8. Calculate j(-6).
-4
Let q(r) = -240*r**2 + 522*r**2 + r - 1 - 276*r**2. What is q(2)?
25
Let n(z) = 10*z**3 + 10 - 8*z**2 - 2 - 11*z**3 + 14*z + 2*z**3. Give n(5).
3
Let x(q) = -q**2 + 2*q + 4. Let f be -1*(9/18)/(1/80). Let u be 3/9*(-30)/f*16. Calculate x(u).
-4
Let q(k) = -k**2 + k**3 + k + 2*k - 2*k**2 - 3. Let c be (-7248)/(-16)*1/(-3). Let g = -148 - c. Calculate q(g).
6
Let j be 4/5 + 138/15. Let i be j/15 - (-16)/12. Let y(t) = 2*t**2 + 4*t. Let u(z) = z**2 + z. Let d(h) = 7*u(h) - 2*y(h). What is d(i)?
10
Let u(a) = -6*a**3 - 2*a + 1. Let s be 2/(-7) + 121/7. Suppose -28 - s = r. Let j = -44 - r. What is u(j)?
-7
Let m(x) be the third derivative of x**6/120 + x**5/30 - 17*x**3/3 - 35*x**2 - 7. Calculate m(0).
-34
Let d(o) = o**2 - 20*o - 380. Let c be d(-12). Let g(b) be the second derivative of b**4/12 - b**3/3 - 12*b. Give g(c).
8
Let x(b) = -12*b**3 + b. Let a be (-724)/(-8) + -2*4/(-16). Let k = 97 - a. Let m be (8/24)/(2/k). Determine x(m).
-11
Let l(i) be the third derivative of -i**6/120 + i**5/4 - 7*i**4/12 - 4*i**3/3 - 406*i**2. Let u be 170/12 + (-3)/18. Give l(u).
-8
Let a(h) = h**3 + 6*h**2 + h - 1. Let u(d) = -4*d + 1. Let z be u(-2). Let t(g) = 300*g - 1435. Let r be t(5). Suppose -r = z*x - 11. Determine a(x).
-7
Let f(m) be the second derivative of m**4/12 + m**3/3 - 5*m**2/2 + 7393*m. Let u(k) = -k - 5. Let c be u(0). Determine f(c).
10
Let f(b) = b**3 + 19*b**2 - b - 13. Let g = 214 + -263. Let u be g/7 + 3 - 15. Give f(u).
6
Let b(n) be the second derivative of -157*n**3/6 - 704*n**2 - 2774*n. Give b(-9).
5
Let u(t) = -8*t + 757. Let w(c) = 7*c - 582. Let h(l) = -3*u(l) - 4*w(l). Determine h(11).
13
Let s(x) = -27*x. Let f = 27376 - 27375. Calculate s(f).
-27
Suppose 0 = 5*z - 8 + 3. Suppose -r - z = -8. Let o(g) = 3*g**2 + 19*g - 21. Let v(h) = -4*h**2 - 28*h + 31. Let l(m) = 7*o(m) + 5*v(m). Give l(r).
8
Let v be 0 + 1 - 2261/323. Let a(c) = -c**3 - 8*c**2 - 7*c - 3. What is a(v)?
-33
Suppose 13 = 18*q - 17*q. Let x(n) = -2*n**2 + 27*n - 7. What is x(q)?
6
Let s(m) be the third derivative of -m**5/60 - m**4/12 + 10*m**3/3 + m**2 + 243*m + 2. Give s(-12).
-100
Let y(z) = 5*z + 2. Suppose 2*t = 18 - 8. Suppose 4*b - 5*f = -0*b + 20, -50 = -3*b - t*f. Suppose -14*i + b = -19*i. Give y(i).
-8
Let k be -1 + (-2)/(-6)*(-5 + 10). Let p(f) be the third derivative of -5*f**2 + 0 + 0*f - k*f**3 + 1/12*f**4. What is p(4)?
4
Let p(q) = -q**3 + q**2 - 2*q - 2. Let y be -1 - -17 - -8*9/(-72). Suppose 0 = -g + 2*g - 4*u - 15, 0 = -4*g + u + y. What is p(g)?
-26
Suppose 0 = -2070*l + 2077*l - 14. Let j(o) be the second derivative of 0 - o**2 + 2/3*o**3 + o. What is j(l)?
6
Let l(w) = w**3 + w**2 + w - 2. Let i(y) = -y**3 + 9*y**2 - 6*y + 5. Let n be i(7). Suppose n = -5*q - 84. Let m = 27 + q. Give l(m).
-8
Let d